= 2*j - 5*l - 31. Let a(d) = d**3 - 6*d**2 + 4*d - 4. Give a(j).
20
Let c(x) = x**2 + 4*x - 8. Let i = 2 - 8. Suppose 0 = -2*o - 2*o. Let z be o - (0 + i)*-1. Calculate c(z).
4
Let p(h) = -5*h**2 - 2*h - 1. Suppose -3*c = -12 + 9. Let i(v) = -2*v**3 + 2*v**2 - v. Let w be i(c). Calculate p(w).
-4
Let s(z) = 42*z - 2. Let o(b) = -80*b + 3. Let n(a) = 6*o(a) + 11*s(a). Give n(-2).
32
Let n(k) = -9 + 6*k + 16 + 4*k - 9*k - 12. Calculate n(10).
5
Let x(q) be the third derivative of q**8/20160 - q**6/45 + 13*q**5/60 + 25*q**2. Let f(h) be the third derivative of x(h). Give f(0).
-16
Let r(y) = -14 + 33*y**2 - y - y**3 - 46*y**2 + 19*y**2. Determine r(5).
6
Let j = 35 + -49. Let b = j - -12. Let t(p) = -2*p**2 + 3*p - 3. Let c(r) = -r**2 + r - 1. Let u(o) = -5*c(o) + 2*t(o). Calculate u(b).
1
Let r(u) = -2*u**2 + 41*u - 27. Let f(h) = 8*h - 52. Let g be f(9). Give r(g).
-7
Let m(i) = -79*i + i**3 + 42*i + 1 + 2*i**2 + 0 + 36*i. Let o(q) = q**3 - 4*q**2 + q + 4. Let l be o(3). What is m(l)?
3
Let b(w) = 3*w**3 + 2*w - 1. Suppose 0*k = k - 3. Let p(i) = -i. Let t = -18 + 19. Let n(s) = k*p(s) + t*b(s). What is n(-1)?
-3
Suppose 1 = -i - 0. Let v(l) = -23*l + 39. Let w(d) = 15*d - 28. Let z(a) = 5*v(a) + 7*w(a). What is z(i)?
9
Suppose -4*c + 3 + 9 = 0. Let z be -1 - (c + -4) - -3. Let o(x) = 14*x**3 - 8*x**3 + 4*x - 5*x**2 - 5*x**z. Calculate o(4).
0
Let s be (-1 - 1)*45/(-10). Let r = 11 - s. Suppose -9 = -r*n + 1. Let k(c) = -2*c - 4. Give k(n).
-14
Let i be -1*1/(-3)*3. Let w(c) = -4*c**3 - 2*c**2 + 2*c - 1. Determine w(i).
-5
Let b(y) = -y**2 - 7*y - 3. Let q(w) = -w**2 - 6*w - 4. Let h(i) = 3*b(i) - 4*q(i). Determine h(-6).
25
Let k be (-4)/2 + 0 - -4. Let d(c) = 0*c**2 - k*c + 8*c + c**2 - 3*c + 3. Suppose -3*r - 5 - 7 = 0. Determine d(r).
7
Suppose -6*m = 4*m - 60. Let q(o) = o**2 + 21 + 29 - 2*o**2 - 46 + m*o. What is q(6)?
4
Suppose -3 = 5*s + 2. Let z(q) = -10*q - 2*q + q + 12*q. Give z(s).
-1
Let y(d) = 2*d - 2. Suppose 0 = -4*x + 3*o + 25, 21 + 1 = 3*x + o. Let h(i) = -i**2 + 8*i - 5. Let l be h(x). Let f be y(l). Let g(k) = k. What is g(f)?
2
Let y be (7 + -23)*(3 + -1). Let z be ((-1)/4)/((-8)/y). Let l(h) = -2*h**2 + 3*h - 4. Let p(v) = -3*v**2 + 2*v - 3. Let q(c) = 2*l(c) - 3*p(c). Determine q(z).
6
Suppose 18*v = 6*v + 24. Let l(x) = x + x**3 - 15 - v*x**2 - 9 + 25. Calculate l(2).
3
Let u(i) = -i**2 + 7*i + 11. Let v be u(8). Let z = -45 - -50. Let g(q) = -2 - q**v + 2*q**3 + z*q**2 - 1 + 8. Calculate g(-5).
5
Let p be (-4)/(-26) + 720/52. Suppose -11 = 3*j - p. Let f(v) = j + v**2 - 7*v**2 + 1 + 5*v**2. Determine f(-2).
-2
Let z(b) = -b**3 + b + 3. Suppose 0 = 54*d - 192 - 24. Determine z(d).
-57
Let n(j) = 5*j + 14*j - 18*j + 11*j - 3 - 2*j**2. Give n(8).
-35
Suppose g = -2*s - 9, -3*s = 3*g + 39 - 18. Let o(y) = -23*y + 21. Let k(r) = -28*r + 25. Let v(p) = -5*k(p) + 6*o(p). What is v(g)?
-9
Let o(m) be the second derivative of -2*m**2 + 2/3*m**3 + 0 - 1/3*m**4 - 7*m. Let i(x) be the first derivative of o(x). Give i(3).
-20
Let o(m) = m**3 + 4*m**2 - 5*m - 3. Let z = 33 - 48. Let u = z - -11. What is o(u)?
17
Let w be 2 - 2/2*-8. Let u(d) = 7*d - 7. Let v(a) = -15*a + 13. Let k(c) = 13*u(c) + 6*v(c). Give k(w).
-3
Suppose 16 = 4*r, 3*f - 2 = 2*r + 5. Let o(c) be the second derivative of 0 + 1/6*c**3 - f*c - 1/12*c**4 - 1/2*c**2. Determine o(0).
-1
Let p(r) = r**2 - 7. Let b(j) = -3*j - 2. Let h be b(4). Let q = 19 - 33. Let s = q - h. Calculate p(s).
-7
Let b(s) = -3 - 9 + 3 + s. What is b(4)?
-5
Let o(q) = 4*q - 3. Let u(h) = -5*h + 4. Let i(l) = 7*o(l) + 6*u(l). Calculate i(3).
-3
Let k = 839 + -844. Let z(b) = -b - 10. What is z(k)?
-5
Let p(o) be the third derivative of -o**6/120 + 13*o**5/60 - 19*o**4/24 - 9*o**3/2 + 167*o**2. Determine p(11).
6
Let y(c) = c**3 - 5*c**2 - 8*c - 2. Let z(n) = 3*n**3 - 5*n**2 + 4*n - 6. Let j be z(2). Determine y(j).
-14
Let u(i) be the second derivative of 2*i**5/5 + i**4/6 - i**2/2 + 2*i - 20. Determine u(-1).
-7
Suppose -22*h - 47*h - 69 = 0. Let r(l) = 3*l**2 - l - 1. Calculate r(h).
3
Let s(c) = 18 + 5*c + 5*c - 13*c + 2*c. Let b be s(13). Let u(h) = 5*h + 3. Calculate u(b).
28
Let d(w) = -4*w - 69. Let h be d(-18). Let r(s) = -3*s - s**3 + 5*s**2 + 6 - 16 + 8. Calculate r(h).
7
Let i(p) = -5*p + 1 + 8*p**2 - 1195*p**3 - 1193*p**3 + 2387*p**3 - 8 - p. What is i(7)?
0
Suppose -5*u - 15 = 6*d - d, -3*d - 13 = 4*u. Let h(q) = q**2 + 3*q - 3. Determine h(u).
1
Suppose 5*g = y + 18, 3*g - 5 + 3 = 5*y. Suppose 16 + y = 3*m. Let n(r) = 0 - 4 + m - 4 + 3*r. Determine n(-2).
-8
Let j(d) = -6*d - 9. Suppose 372 = 3*c + 9*c. Suppose -c - 17 = 8*b. Give j(b).
27
Let v(k) = -2 + 8*k**2 + 6*k + 4*k**2 - 19*k**2 + 8*k**2. Calculate v(-6).
-2
Suppose -82 + 152 = -35*c. Let w(m) = m**3 + m + 2. Determine w(c).
-8
Let y = -120 - -181. Let v = 55 - y. Let u(o) be the third derivative of -o**6/120 - 7*o**5/60 - 7*o**4/24 + o**3/2 - 4*o**2. Give u(v).
9
Let c(r) = -3*r**2 - 2 - 7*r**2 + 78*r**3 - 77*r**3 + 3*r + 7*r. Calculate c(9).
7
Let c(n) = n**3 - 2*n**2 - 2*n. Let t(i) = 3*i**3 - 2*i**2 + 9*i - 8. Let r be t(1). What is c(r)?
-4
Let x(q) = -8*q + 1. Let f = -151 - -125. Let l = f - -29. What is x(l)?
-23
Let o(j) be the first derivative of -j**6/120 - j**5/30 - j**4/24 + j**3/3 - 5*j**2 - 28. Let m(k) be the second derivative of o(k). Determine m(-2).
4
Suppose z - 45 = -4*z. Let r(q) = q**2 - z*q**2 - 3 + 7*q**2 + 12. Determine r(0).
9
Let d(t) be the second derivative of 0 + 1/20*t**5 - 4*t**2 - 2/3*t**3 - 5/12*t**4 - 22*t. Give d(6).
4
Let c(g) = -9*g**2 + 7*g + 22. Suppose 5*b + 3*n = 5*n - 20, 5*n + 55 = -5*b. Let w(r) = -5*r**2 + 3*r + 11. Let z(d) = b*c(d) + 11*w(d). Give z(-9).
-11
Let x(g) = 3 + 1956*g - 1960*g + 3 + 5. Determine x(5).
-9
Let g(v) be the second derivative of 1/3*v**3 + 3/2*v**2 + 0 + 1/20*v**5 + 8*v - 1/4*v**4. Suppose 0 = -d - a - 2*a + 3, 0 = 2*d - 5*a - 6. Determine g(d).
9
Suppose f + 2*f - 9 = 0. Suppose 0 = -4*a + f*s + 56, 0 = -2*s. Let c = a - 16. Let r(j) = -2*j - 3. Determine r(c).
1
Let v(y) = -y**3 - 7*y**2 - 5*y + 8. Let u be v(-6). Suppose f + 12 = -f + 2*z, -f = -u*z + 6. Let q(c) = c**3 + 7*c**2 + 3*c - 8. Give q(f).
10
Let q(k) = -2*k - 24. Let z be q(-9). Let d(y) = -y**3 - 5*y**2 - 6. Give d(z).
30
Let c(w) = -w**2 - 2*w - 9. Suppose -44*b - 51 = 213. What is c(b)?
-33
Let p = -1 + -1. Suppose 10*o - 7*o - 6 = 0. Let l(q) = -2 + 4*q**o + 59*q - 58*q - q**2. Calculate l(p).
8
Let p(a) be the second derivative of 0 + 0*a**3 + a - 1/12*a**4 - 7/2*a**2. Suppose -3 = -4*x + m, -x + 2 = -m - 1. Give p(x).
-7
Let a(u) be the second derivative of u**6/120 + 7*u**5/60 - 5*u**4/12 - 2*u**3/3 - 9*u**2 + 15*u. Let o(f) be the first derivative of a(f). Calculate o(-8).
12
Suppose -14 + 18 = 2*g. Let a(m) = 3*m**2 + m - 8. Let c be a(g). Let v(x) be the third derivative of -x**5/60 + x**4/3 - 3*x**3/2 - x**2. Give v(c).
3
Let f(c) = 17*c**2 - 5*c - 2. Let y(k) = 35*k**2 - 11*k - 5. Let n(h) = 7*f(h) - 3*y(h). Suppose -35 = 2*r + 103. Let d = r + 70. Give n(d).
13
Let i(o) = 3*o - 18. Let l be i(6). Suppose 55 = 5*a - l. Let g(t) = -9*t - a*t + 4*t. What is g(1)?
-16
Let t = 57 + -55. Let c(d) = 0*d**t + d**2 + d - 13 + 0*d. Suppose -4*x = -3*x. Determine c(x).
-13
Let g be (-11)/(-2) - 7/(-14) - 10. Let h(k) = k**3 + 2*k**2 - 6*k - 2. Give h(g).
-10
Let n be 2 + 4 + 1*-3. Let z(v) = -n - 2*v - 1 + 6 - 2*v. Let b(y) = 4*y - 2. Let u(r) = 3*b(r) + 2*z(r). Calculate u(-2).
-10
Let x(d) be the third derivative of 0*d - 1/6*d**3 + 0 + 1/24*d**4 - 1/60*d**5 - 3*d**2. Let t(n) = -n**2 + 5*n - 1. Let f be t(4). Determine x(f).
-7
Let m(b) be the second derivative of -8*b**5/5 + b**4/6 + b**3/6 - 391*b. Give m(-1).
33
Let i(h) = -h**2 + 2. Let r(b) = 2*b**2 + 10*b - 15. Let p(n) = -3*i(n) - r(n). Suppose 3*u + 2 + 7 = 0, 3*y - 3*u = 27. Calculate p(y).
-15
Suppose 2*t - 8 = 6*t. Let p be (t/3)/(3/(-54)). Suppose 2*m - p = -4*m. Let d(s) = s**2 - 2. Give d(m).
2
Suppose -3*h = 3 + 15. Let n(w) be the third derivative of 1/6*w**3 + 0 + 0*w + 1/12*w**4 + 2*w**2. What is n(h)?
-11
Let a(j) = 22*j + 144. Let z be a(-6). Let w(c) = c - 12. Calculate w(z).
0
Let j(x) be the first derivative of 5*x + 3 - 5/2*x**2 - 1/2*x**3. Let c(q) be the first derivative of j(q). Calculate c(-4).
7
